2000
Convert 306074 (base 8) to base 14.
28d76
-1170064 (base 8) to base 13
-b4401
-231444000 (base 7) to base 6
-1224134340
Convert -30130124 (base 5) to base 14.
-63370
Convert -6166216 (base 8) to base 14.
-3073b0
-2974c7 (base 13) to base 8
-3700055
Convert 300210310 (base 5) to base 15.
18443a
What is 130420444 (base 5) in base 11?
3a6aa5
What is 684519 (base 11) in base 6?
35203235
Convert -1120000201 (base 3) to base 9.
-46021
What is -4987056 (base 11) in base 2?
-100001000010110011000001
What is 100100011010010001100 (base 2) in base 16?
12348c
What is 110100011101001010 (base 2) in base 11?
137476
Convert -422015 (base 6) to base 12.
-1790b
What is 114111 (base 8) in base 3?
1222110220
What is -1212000012 (base 3) in base 7?
-211166
Convert -1156212 (base 8) to base 3.
-121012001002
Convert -19b616 (base 14) to base 2.
-11011111011000000100
Convert 222202100121 (base 3) to base 12.
2148b1
What is 47546 (base 13) in base 14?
357d4
What is -4b261 (base 12) in base 5?
-11233223
-23046 (base 14) to base 16
-14c86
What is 122020220222 (base 3) in base 8?
1227313
Convert -1303221301 (base 4) to base 3.
-220001210221
1010004413 (base 5) to base 14
3ac68a
What is 835288 (base 9) in base 12?
1bb022
Convert -299084 (base 12) to base 13.
-1b6787
What is 1267261 (base 8) in base 3?
200002100211
What is 1645262 (base 8) in base 9?
807461
Convert -2468aa (base 12) to base 10.
-592258
What is -1678396 (base 10) in base 4?
-12121300330
Convert -1334083 (base 9) to base 8.
-2624176
Convert -100011210222 (base 3) to base 14.
-49ba0
What is 340938 (base 10) in base 3?
122022200100
Convert -100122122011222 (base 3) to base 9.
-10578158
-217193 (base 11) to base 6
-11231055
-10000000100001010010000 (base 2) to base 16
-404290
18d83e (base 16) to base 6
54522022
-209607 (base 14) to base 9
-2058008
-23122110312 (base 4) to base 2
-1011011010010100110110
Convert 20334004 (base 5) to base 9.
275411
What is 3866a4 (base 13) in base 14?
2745cd
11101167 (base 10) to base 16
a963ef
-200012100202 (base 3) to base 5
-42430302
Convert 37580 (base 13) to base 8.
307173
2210112334 (base 5) to base 10
4769719
What is -673a5a (base 11) in base 4?
-10012032031
48656 (base 13) to base 2
100000011100101001
What is -2852029 (base 13) in base 2?
-110000101101111101111100
Convert 312685 (base 9) to base 5.
21420404
279981 (base 13) to base 14
1b13cc
Convert 26428 (base 14) to base 16.
16fa4
-d26626 (base 14) to base 9
-14300415
Convert -201031310 (base 4) to base 11.
-93244
-575466 (base 9) to base 14
-8db33
Convert -9c86 (base 15) to base 9.
-50480
What is 32323142 (base 5) in base 8?
1034300
What is 200202001331 (base 4) in base 14?
11bdc29
Convert -1a95a6 (base 16) to base 10.
-1742246
-100111001100011001001 (base 2) to base 10
-1284297
What is 1264235 (base 7) in base 6?
3325525
What is cb938 (base 16) in base 6?
25512224
Convert -3055b1 (base 14) to base 12.
-66639b
-32003323202 (base 4) to base 16
-383ee2
What is -1010100010101000111011 (base 2) in base 4?
-22202220323
1bf58 (base 16) to base 12
56334
What is -12552502 (base 6) in base 4?
-1212112112
bbf796 (base 16) to base 2
101110111111011110010110
Convert -7526a0 (base 11) to base 13.
-332080
What is 12322003 (base 4) in base 6?
334551
What is 34012514 (base 6) in base 14?
1caa98
232322112 (base 5) to base 16
1023f6
-4704582 (base 9) to base 10
-2542502
What is 44050502 (base 6) in base 15?
1ae0a5
Convert -26885 (base 11) to base 16.
-95b9
What is 113711 (base 11) in base 6?
3511504
-27040721 (base 9) to base 14
-1aa78a3
870406 (base 9) to base 14
d7025
-254215 (base 9) to base 11
-a5776
What is -112232301 (base 4) in base 3?
-11201201100
-11848c (base 13) to base 15
-83db7
What is 34248 (base 12) in base 9?
115252
What is -641a35 (base 11) in base 6?
-34004413
What is -cd7c7 (base 14) in base 11?
-31034a
-a0790 (base 12) to base 11
-1326a4
Convert -123175 (base 11) to base 12.
-946a9
Convert -8e0e1 (base 16) to base 7.
-4642243
Convert 112241155 (base 6) to base 8.
7722437
What is 1000000100000110101001001 (base 2) in base 12?
57b6a35
What is -735104 (base 8) in base 9?
-412085
Convert -2402e7 (base 16) to base 15.
-31940e
22b042 (base 13) to base 5
202331204
What is 2a636 (base 13) in base 6?
1415023
Convert 27b59 (base 13) to base 11.
50a18
-1202311012 (base 4) to base 14
-a774a
Convert -216568 (base 11) to base 13.
-c12ab
3032313201 (base 4) to base 13
2388a2
What is -3123122232 (base 4) in base 10?
-898734
105379 (base 12) to base 5
31223442
Convert -1777b (base 12) to base 8.
-102217
-30566605 (base 7) to base 6
-131040431
1736ad (base 15) to base 6
40042044
Convert 343331 (base 5) to base 8.
30065
What is -327400 (base 11) in base 16?
-7f7fc
120516302 (base 7) to base 14
dd3602
883112 (base 9) to base 12
21509b
Convert -1364516 (base 7) to base 3.
-100100112202
3541036 (base 7) to base 3
211201002221
What is -20001012012011 (base 3) in base 10?
-3212113
What is -100111112120210 (base 3) in base 9?
-10445523
What is -11a184 (base 13) in base 14?
-adb81
What is a8b7a5 (base 14) in base 2?
10101110011110100010101
Convert -24728 (base 9) to base 12.
-975b
-1112000021021 (base 3) to base 16
-c511f
13036431 (base 7) to base 8
4414261
-12433233 (base 6) to base 14
-a908d
-210313222000 (base 4) to base 8
-44675200
Convert -12001000210200 (base 3) to base 15.
-37d4d3
What is -1021214040 (base 5) in base 4?
-20020212223
What is -464537 (base 8) in base 2?
-100110100101011111
What is 497a11 (base 13) in base 3?
10022101022102
-39725 (base 11) to base 15
-11c51
What is -231434 (base 8) in base 13?
-29a29
What is -12215101 (base 6) in base 14?
-a27db
What is -a8911 (base 13) in base 8?
-1123121
-4b680 (base 14) to base 5
-21411021
-270714 (base 10) to base 5
-32130324
Convert 78404 (base 10) to base 5.
10002104
What is 104651 (base 12) in base 11?
165926
Convert 478c9 (base 16) to base 14.
78b33
Convert -11010111000011110 (base 2) to base 7.
-636010
-16325 (base 8) to base 7
-30343
Convert -112211300 (base 4) to base 7.
-533522
bcdc4 (base 15) to base 7
5050453
What is -10011111000000011011101 (base 2) in base 6?
-303401525
Convert -200303103231 (base 4) to base 6.
-504145033
What is 140120132 (base 5) in base 13?
1ba084
1c0976 (base 15) to base 5
322302021
Convert -5026110 (base 7) to base 9.
-1106360
Convert -5538543 (base 10) to base 2.
-10101001000001011101111
Convert -4335121 (base 6) to base 8.
-643671
What is -2ce75 (base 15) in base 8?
-433162
2c992 (base 14) to base 2
11011010000100100
-664370 (base 13) to base 16
-24c03e
What is 144422032 (base 5) in base 12?
317222
What is 10002212210211 (base 3) in base 16?
193165
103211331331 (base 4) to base 8
23457575
What is 619376 (base 11) in base 7?
11305062
Convert 200807 (base 10) to base 5.
22411212
1197774 (base 13) to base 2
10100110111111001000000
What is d163d (base 14) in base 3?
221120111211
Convert -9e50a (base 15) to base 11.
-314741
-2a0a9 (base 15) to base 13
-4969b
1410252504 (base 6) to base 10
17098744
Convert -1302301242 (base 5) to base 4.
-30010321332
Convert -2330144013 (base 5) to base 13.
-1142b28
Convert -10011110011011110011011 (base 2) to base 11.
-2a26568
Convert -13130010033 (base 4) to base 5.
-444344332
What is -cd021 (base 14) in base 11?
-30a19a
101044203 (base 5) to base 9
683411
Convert -24eb96 (base 16) to base 12.
-98829a
-12144431134 (base 5) to base 16
-dc854c
210222120000 (base 3) to base 7
3451344
-9360867 (base 10) to base 12
-3175203
112433 (base 5) to base 13
1b4a
What is -211213221 (base 5) in base 3?
-1122211022012
Convert 2515311 (base 6) to base 9.
224667
Convert -113647 (base 16) to base 5.
-242044012
What is -1bc921 (base 15) in base 9?
-2500834
5585b5 (base 15) to base 13
aca3c0
Convert 45b3 (base 12) to base 14.
2b8b
What is -434602 (base 8) in base 5?
-14131134
What is -12595d (base 14) in base 8?
-2316717
What is 23323430 (base 5) in base 3?
101212212211
Convert -8571456 (base 9) to base 14.
-8781ac
What is 104050100 (base 6) in base 11?
106a036
Convert -54031110 (base 7) to base 15.
-60bb43
43aaa0 (base 12) to base 9
2020453
20220221210110 (base 3) to base 9
6827713
31003302 (base 4) to base 16
d0f2
Convert 41569 (base 15) to base 6.
4234443
21113100100 (base 4) to base 12
9a4554
Convert -21410041 (base 5) to b